 factor of 292 and 4?
4
What is the greatest common divisor of 428 and 32?
4
Calculate the highest common factor of 28 and 1204.
28
What is the highest common divisor of 89 and 178?
89
Calculate the highest common factor of 56 and 42.
14
What is the greatest common divisor of 170 and 442?
34
What is the greatest common factor of 40 and 15?
5
What is the greatest common factor of 1702 and 138?
46
What is the greatest common divisor of 26 and 120?
2
Calculate the highest common divisor of 572 and 260.
52
What is the greatest common divisor of 120 and 760?
40
Calculate the highest common factor of 10 and 3890.
10
What is the greatest common factor of 210 and 42?
42
What is the highest common factor of 106 and 6?
2
What is the greatest common divisor of 2148 and 48?
12
What is the greatest common divisor of 143 and 19591?
143
Calculate the greatest common divisor of 4654 and 13.
13
Calculate the greatest common divisor of 1881 and 9.
9
What is the greatest common factor of 94 and 893?
47
Calculate the highest common divisor of 11591 and 173.
173
What is the greatest common factor of 2 and 6?
2
What is the greatest common factor of 99 and 54?
9
Calculate the greatest common factor of 165 and 110.
55
Calculate the greatest common divisor of 1162 and 14.
14
What is the greatest common factor of 53 and 1431?
53
Calculate the greatest common factor of 4 and 758.
2
Calculate the highest common factor of 2121 and 21.
21
What is the greatest common divisor of 32 and 2976?
32
What is the greatest common divisor of 10976 and 224?
224
What is the highest common divisor of 871 and 247?
13
Calculate the greatest common factor of 35 and 125.
5
Calculate the highest common divisor of 7 and 1372.
7
Calculate the greatest common divisor of 867 and 17.
17
Calculate the highest common factor of 312 and 5538.
78
What is the greatest common divisor of 39 and 221?
13
Calculate the highest common divisor of 1872 and 416.
208
Calculate the greatest common factor of 378 and 108.
54
Calculate the greatest common factor of 670 and 20435.
335
What is the greatest common divisor of 12460 and 534?
178
Calculate the highest common factor of 705 and 1269.
141
What is the highest common factor of 6345 and 270?
135
Calculate the highest common factor of 64086 and 66.
66
What is the highest common divisor of 12 and 1356?
12
What is the highest common factor of 3599 and 61?
61
Calculate the highest common factor of 171 and 437.
19
Calculate the greatest common divisor of 9 and 909.
9
Calculate the greatest common divisor of 1180 and 5605.
295
What is the greatest common factor of 13932 and 344?
172
What is the greatest common divisor of 465 and 60?
15
What is the greatest common divisor of 424 and 64?
8
What is the highest common divisor of 57 and 9?
3
Calculate the greatest common factor of 18 and 174.
6
What is the greatest common divisor of 84 and 154?
14
What is the highest common divisor of 16 and 25232?
16
Calculate the greatest common factor of 77 and 2233.
77
Calculate the greatest common divisor of 52766 and 28.
14
What is the greatest common divisor of 5822 and 1207?
71
What is the highest common divisor of 720 and 24336?
144
What is the greatest common divisor of 589 and 62?
31
What is the highest common factor of 609 and 42?
21
What is the greatest common factor of 22 and 580?
2
What is the greatest common factor of 75 and 5?
5
Calculate the greatest common factor of 12 and 2140.
4
Calculate the greatest common divisor of 954 and 54.
18
What is the greatest common factor of 1332 and 84?
12
What is the greatest common factor of 2560 and 20?
20
Calculate the greatest common divisor of 1664 and 7552.
128
What is the highest common factor of 25 and 2?
1
Calculate the highest common divisor of 20 and 190.
10
What is the greatest common factor of 102 and 2907?
51
What is the highest common divisor of 2604 and 210?
42
Calculate the highest common factor of 2768 and 88.
8
Calculate the highest common factor of 1800 and 40.
40
Calculate the greatest common divisor of 1456 and 1001.
91
What is the greatest common divisor of 52 and 8?
4
Calculate the highest common factor of 13 and 2743.
13
What is the highest common factor of 10931 and 17?
17
What is the highest common factor of 713 and 124?
31
Calculate the greatest common divisor of 14 and 4438.
14
What is the highest common divisor of 918 and 2538?
54
Calculate the highest common divisor of 3953 and 59.
59
What is the highest common factor of 920 and 180?
20
Calculate the highest common divisor of 4857 and 3.
3
Calculate the greatest common divisor of 3740 and 55.
55
Calculate the greatest common factor of 40 and 15.
5
What is the highest common factor of 8 and 568?
8
Calculate the greatest common factor of 754 and 87.
29
Calculate the highest common divisor of 5533 and 11.
11
What is the greatest common divisor of 142 and 2698?
142
What is the greatest common divisor of 64 and 88?
8
Calculate the highest common divisor of 13472 and 64.
32
What is the highest common divisor of 411 and 63?
3
What is the greatest common factor of 42 and 574?
14
Calculate the highest common divisor of 35 and 6265.
35
What is the highest common factor of 913 and 415?
83
What is the greatest common factor of 81 and 54?
27
What is the highest common divisor of 1178 and 95?
19
Calculate the greatest common factor of 273 and 390.
39
Calculate the greatest common factor of 528 and 1104.
48
What is the highest common factor of 8610 and 18?
6
Calculate the highest common factor of 6206 and 290.
58
What is the greatest common divisor of 160 and 10820?
20
What is the greatest common divisor of 156 and 744?
12
Calculate the greatest common factor of 10 and 6130.
10
What is the highest common factor of 81 and 9423?
27
Calculate the greatest common factor of 24275 and 25.
25
What is the highest common factor of 1575 and 567?
63
What is the greatest common factor of 17451 and 14?
7
Calculate the greatest common factor of 44 and 121.
11
What is the highest common divisor of 348 and 261?
87
Calculate the highest common factor of 240 and 555.
15
Calculate the highest common divisor of 561 and 153.
51
Calculate the highest common divisor of 448 and 14.
14
Calculate the greatest common divisor of 3999 and 129.
129
What is the greatest common factor of 1998 and 74?
74
Calculate the highest common factor of 800 and 25.
25
What is the highest common divisor of 109 and 981?
109
Calculate the greatest common factor of 20 and 3292.
4
What is the greatest common factor of 14 and 483?
7
What is the highest common divisor of 1204 and 140?
28
Calculate the highest common divisor of 67 and 335.
67
Calculate the highest common factor of 442 and 26.
26
Calculate the greatest common divisor of 4092 and 264.
132
Calculate the highest common factor of 217 and 1271.
31
Calculate the highest common factor of 1911 and 7.
7
What is the greatest common divisor of 3 and 15?
3
What is the highest common divisor of 14 and 19726?
14
Calculate the greatest common factor of 480 and 7968.
96
Calculate the highest common factor of 531 and 801.
9
What is the greatest common factor of 663 and 5109?
39
What is the greatest common divisor of 60 and 908?
4
Calculate the highest common factor of 5536 and 64.
32
What is the highest common factor of 20594 and 56?
14
What is the greatest common divisor of 10 and 40?
10
Calculate the highest common divisor of 5 and 289.
1
Calculate the highest common divisor of 315 and 280.
35
What is the highest common divisor of 128 and 128?
128
What is the greatest common divisor of 1059 and 6?
3
What is the highest common factor of 21235 and 310?
155
Calculate the greatest common divisor of 1758 and 24.
6
What is the highest common divisor of 5 and 44?
1
What is the highest common divisor of 216 and 472?
8
What is the greatest common divisor of 20410 and 40?
10
Calculate the highest common divisor of 3612 and 140.
28
What is the greatest common divisor of 156 and 24?
12
Calculate the greatest common factor of 4 and 16.
4
Calculate the greatest common divisor of 208 and 92.
4
What is the greatest common factor of 30 and 54?
6
What is the highest common divisor of 63 and 531?
9
Calculate the greatest common factor of 36 and 606.
6
Calculate the highest common divi